visor of 192 and c?
48
Let y be 1 - 2/(2/(-307)). What is the greatest common divisor of 77 and y?
77
Let t(p) = 33*p + 13 + 32*p - 8. Let r be t(3). Calculate the greatest common divisor of 25 and r.
25
Let s = 364 + -338. What is the highest common factor of s and 351?
13
Let w = 23 + -16. Let n(x) = 10*x**2 - x - 3. Let b be n(2). Calculate the highest common factor of w and b.
7
Let g be (-3)/(-6)*0/2. Suppose -4*a + 21 = -2*h + 9, 4*h - 5*a + 12 = g. What is the highest common factor of h and 1?
1
Suppose -a - 30 = -330. Suppose -a = -7*k + 2*k. What is the highest common factor of k and 30?
30
Let w be ((-48)/(-15))/((-2)/(-20)). Suppose -3*c + 0*t + 3*t + 24 = 0, -4*c - 5*t + w = 0. Let h = c + 8. Calculate the greatest common factor of 144 and h.
16
Suppose 5*v = 147 - 142. Suppose j + 1 = -2*z, -2*j - z + 2 = z. Calculate the highest common factor of j and v.
1
Suppose -228*r = -243*r + 3450. What is the greatest common factor of r and 138?
46
Let l(v) = -v**3 - 13*v**2 - v - 8. Let g be l(-13). Suppose -3*k + g*a + 9 = 0, 2*k + 8*a = 3*a + 6. Calculate the highest common factor of k and 12.
3
Suppose 0 = -41*o + 3374 - 422. Calculate the greatest common divisor of o and 486.
18
Let m = 8 + 13. Let s be (-3 + 1 - -5)*m. Suppose n + 4*n = -o + s, -5*n = 2*o - 66. What is the highest common divisor of n and 108?
12
Suppose -p + 90 = 2*p. Let g = -870 + 930. Calculate the greatest common divisor of g and p.
30
Let f(g) = 7*g + 8. Let w be f(-7). Let t = 46 + w. What is the greatest common divisor of 20 and t?
5
Let c be -1*6*(-324)/36. Let v be (1 - -4)*(-12)/(-10). Calculate the greatest common factor of c and v.
6
Let k = 268 - -677. Calculate the greatest common factor of 105 and k.
105
Let m be (3/1)/(6/124). Suppose 0 = -2*y + 8, -3*w - y + m = y. Let g(v) = -v**2 + 6*v - 6. Let a be g(2). What is the highest common factor of a and w?
2
Let m(f) = -f**2 - 6*f + 17. Let c be m(2). Calculate the highest common factor of 9 and c.
1
Let k be 2/45*3 - 1106/(-30). Suppose k*l = 40*l - 135. What is the greatest common divisor of 30 and l?
15
Let u = 17 - 13. Suppose -u*b + 7*b - 21 = 0. What is the highest common factor of b and 49?
7
Suppose -m = -6*z + 3*z - 110, -4*m + 5*z + 461 = 0. Suppose -5*y = 20 - 15, 0 = -2*c - y + 33. Calculate the greatest common factor of m and c.
17
Suppose -5*d + 3*r = -8763, 4*r - 6*r = -2*d + 3502. Calculate the greatest common factor of d and 90.
45
Let u(r) = -r**3 - 3*r**2 + 4*r + 1. Let f be u(-5). Suppose -f + 1606 = 7*d. Calculate the greatest common divisor of d and 25.
25
Let z be 13/(-2)*(-7 + 0 - -3). Calculate the greatest common divisor of z and 338.
26
Let j(x) = x**3 + 8*x**2 + 3*x - 12. Let s be j(-2). Let l = -30 + 54. Calculate the greatest common divisor of l and s.
6
Let f = 850 - 835. What is the greatest common factor of f and 345?
15
Suppose -p = -3*h - 11, 3*p - 5*h + 15 = 8*p. Let w = -83 + 84. Let g be (-24)/(-2 + -2) - w. Calculate the greatest common factor of g and p.
5
Suppose 3*v - 26 = 5*v. Suppose 0 = 7*i - i - 138. Let q = i + v. What is the greatest common divisor of 5 and q?
5
Let p be (325/(-4))/(55/(-220)). What is the highest common factor of p and 125?
25
Suppose 6*i = 86 + 22. Suppose -3*x - 15 = -3*d, 0 = d + d - 3*x - 9. Calculate the greatest common factor of i and d.
6
Suppose 3*l = 5 + 1. Let i(x) = 7*x**2. Let d be i(l). Calculate the greatest common divisor of 4 and d.
4
Suppose -4 = 3*l - 5*n, -14 = -l - 2*l - 4*n. What is the highest common factor of l and 250?
2
Let s(a) = a**2 + a - 2. Let k be s(-6). Suppose -60*c + 101*c = 1722. Calculate the greatest common divisor of c and k.
14
Let c(x) = x**2 - 14*x - 385. Let w be c(28). Let d be ((-8)/(-10))/(4/510). Let v = -67 + d. What is the highest common factor of v and w?
7
Let d = -23 - -12. Let l(i) = i**2 - 8*i + 4. Let x be l(d). Suppose 5*h = -0*g - 5*g + 240, 4*g + x = 5*h. What is the greatest common divisor of h and 9?
9
Let h = -83 - -139. Let b = -36 + 52. Suppose -x - b = -3*x. What is the highest common factor of x and h?
8
Suppose -14*a = a + 45. Let f(j) = -24*j + 3. Let q be f(a). What is the greatest common divisor of q and 30?
15
Let m be (10 + -11)/((-1)/2). Suppose -m*n + 10*n = 504. Let l(r) = 5*r**2 - 2*r - 3. Let t be l(-2). Calculate the highest common divisor of n and t.
21
Let g be (-399)/(-9) + (-16)/12. Let h = g + -16. Let n(m) = -2*m + 6. Let x be n(-6). Calculate the highest common divisor of h and x.
9
Let a = 54 - 43. Calculate the greatest common divisor of a and 143.
11
Suppose 12 = 2*z + 2*z. Suppose -4*v - 3*u + 163 = -92, 2*u = z*v - 204. Let c be -5*(-96)/20 - 2. Calculate the greatest common factor of c and v.
22
Let d be 16*-8*3/(-12). Calculate the highest common factor of 72 and d.
8
Let d be (-124)/(-9)*(-162)/(-36). Calculate the greatest common factor of 806 and d.
62
Let f(x) = 67*x - 1. Let n be f(1). Suppose 2*k = 2*q + 3*k - 15663, -5*q + 39157 = 3*k. Let s be q/n + 1/3. What is the greatest common factor of 17 and s?
17
Suppose 4*r = 7*y - 3*y + 216, 5*r + y - 258 = 0. Let n(d) = -14*d**3 - 9*d**2 - 6*d + 2. Let t be n(-1). Calculate the greatest common divisor of r and t.
13
Suppose -3*j - 20 = -5*w + 70, w - 30 = 3*j. Suppose -4*x - 227 = 2*v - 47, x = 2*v + 180. Let c = 165 + v. Calculate the highest common divisor of w and c.
15
Suppose -2*p + 16 + 90 = -2*k, 159 = 3*p + k. Suppose -p*d = -48*d - 105. What is the highest common factor of d and 21?
21
Let u = 36 + -39. Let h be -14*(-3 - (u + 4)). What is the greatest common divisor of 7 and h?
7
Let p = -1144 + 1297. What is the highest common divisor of 9 and p?
9
Suppose 5*c = -2*o + 279, -28 = -c - 3*o + 33. What is the highest common factor of 715 and c?
55
Suppose -4*v - 2*r = 3*r - 7463, -4*v + 4*r + 7508 = 0. Suppose -15*p = -6*p - v. What is the greatest common factor of p and 16?
16
Let a = -2305 - -2334. Let i = 30 - -28. What is the greatest common factor of a and i?
29
Let c be 819/54 + 3/(-18). Let d be ((-24)/(-10))/(1/25). What is the highest common factor of c and d?
15
Suppose -5*r = 10, -3*r + 1274 = 4*f + f. Calculate the highest common factor of f and 8.
8
Let b be 4/(-10) + (-12)/(-5). Suppose -w + 4*m + 12 + b = 0, -3*w + 25 = 5*m. Let s = 166 + -126. Calculate the highest common factor of w and s.
10
Suppose 2*s = 4*m + 164 + 196, -s + 3*m = -185. What is the greatest common factor of s and 10?
10
Suppose -9 = -5*s + 16. Suppose 0 = -4*k + 184 + 464. Suppose -11*c + s*c = -k. What is the highest common divisor of 3 and c?
3
Let u(h) = 4*h - 12. Let t(q) = 5*q - 12. Let b(v) = 3*t(v) - 4*u(v). Let w be b(6). Suppose 0*i - i = -w. What is the highest common factor of i and 30?
6
Let t = -241 - -243. Calculate the greatest common factor of 50 and t.
2
Let n be 1010/4 - 2/4. Let j(k) = 95*k + 796. Let o be j(-8). What is the highest common divisor of o and n?
36
Let a be 17*(-1)/(-2 - -1). Suppose 4*q - 2*w = 2 - 0, 5*w - a = -q. Suppose q*u - 7*u + 855 = 0. What is the greatest common factor of 19 and u?
19
Let q be 2/(-7) - (-676)/14. Let r be 3/(0 - 9)*(1 - 22). Let f = 39 - r. What is the greatest common factor of q and f?
16
Let t(g) = 35*g + 1. Suppose -p + 5*u = 4, 9 - 28 = 2*p + u. Let x be (-6)/p + 3/9. Let w be t(x). What is the greatest common factor of 90 and w?
18
Let p = -6 + 16. Suppose -448*v = -437*v - 550. Calculate the greatest common divisor of v and p.
10
Let p(i) = -i**2 + 11*i + 17. Let o be p(12). Suppose -o*c = 3*r - 0 + 13, 0 = 3*r + c - 7. Calculate the highest common divisor of 20 and r.
4
Suppose -4*h - 2*l = -9*h + 105, -5*h = -4*l - 115. What is the greatest common divisor of h and 1?
1
Let k(s) be the first derivative of 5*s**2 + 2*s + 7. Let a be k(8). Let n = -55 + a. Calculate the highest common factor of 3 and n.
3
Suppose 49*j - 95 = -4*w + 44*j, 0 = 5*w - 4*j - 170. What is the greatest common factor of 50 and w?
10
Let s(d) = 3*d**2 - 14*d - 14. Let v be s(-1). Suppose 0 = -4*p + 6*p - 4. What is the greatest common factor of v and p?
1
Suppose 103 = -5*v + 983. What is the highest common factor of 22 and v?
22
Suppose -3*x + 2*x + 2*p + 2 = 0, 4*x = 2*p - 4. Let o be ((-2)/4)/(x/32). Let w be 5 - (-54 - (2 + -5)). What is the greatest common 